What is the units digit of (8 - 7) + t*5?
6
Let a = 7 + 21. What is the tens digit of a?
2
Let r be 4/6*(4 + -1). Suppose 2*x + 2 = -r*p - 2*x, 0 = 2*p + 5*x + 6. What is the units digit of p?
7
Let u(l) = l**3 + 16*l**2 - 20*l - 17. What is the units digit of u(-17)?
4
Let o(b) = -7*b**3 - b**2 + 14*b. Let r(g) = g**3 + g**2 - g - 1. Let u(x) = -o(x) - 6*r(x). Let a be u(6). What is the units digit of (-20)/a*(-12)/(-10)?
4
Suppose -9*j - 633 = -2496. What is the hundreds digit of j?
2
Suppose 0 = -0*h + 2*h - 8. Suppose h*s = s. Let r(f) = -f**3 - f + 4. What is the units digit of r(s)?
4
Suppose -2*a = -a + 2*d - 58, -5*d - 207 = -3*a. What is the tens digit of a?
6
Let u(t) = t - 6. Suppose 0 + 6 = l. Let n be u(l). Suppose -j + 4 - 1 = n. What is the units digit of j?
3
What is the units digit of -2 - 156/(-4) - 2?
5
Let p be 44/7 - 4/14. Let o = 15 - p. Suppose 4*v + o = 5*v. What is the units digit of v?
9
Suppose 4*c + 4 = 0, -3*t = -3*c - 11 - 1. Suppose t*l = 5*z + 32, 0 = -z - 2*z - 3. What is the units digit of l?
9
Let c(s) = -s**3 - 2. Let y be c(-2). Suppose r - y - 4 = 0. What is the tens digit of r?
1
Let l(d) = -d**3 + 5*d**2 + 8*d - 7. What is the units digit of l(5)?
3
Let c(a) = a**3 + a**2 + 40. What is the tens digit of c(0)?
4
Suppose -2*f + 85 = -47. What is the tens digit of f?
6
Suppose -4*a = -6*a + 62. What is the units digit of a?
1
Suppose -2*z + 5*a + 10 + 15 = 0, 4*z + 4*a = 120. What is the units digit of z?
5
Suppose 0 = -5*n + n + 528. What is the hundreds digit of n?
1
Let n be 20*(-1)/(-2) + -4. Let r(z) = 5*z + 6. What is the tens digit of r(n)?
3
Let r(w) = w**3 - w**2 + w + 2. Let v be r(2). Suppose 4*o = -3*m + 14, 1 + v = 3*o + 3*m. Let a = 14 - o. What is the units digit of a?
9
Let l(u) = -34*u - 2. What is the units digit of l(-1)?
2
Suppose -3*q - b + 79 = 0, -2*q - 2*q + 2*b + 102 = 0. What is the tens digit of q?
2
Let o(b) = -b**3 - 4*b**2 + 2*b + 4. Let j be o(-4). Let y(h) = -h - 2. What is the units digit of y(j)?
2
Suppose -3 = -2*c - 5*r - 2, 4*r = 3*c - 13. Suppose 44 = 5*v + c*h - 2*h, 3*h = 5*v - 48. What is the units digit of v?
9
Suppose 3*q = 3*v - 231, 3*v - 4*q = 198 + 28. What is the units digit of v?
2
Suppose -275 + 85 = -5*d. What is the tens digit of d?
3
Suppose -3*f - f = -92. What is the tens digit of f?
2
Suppose 3*h - 9 = -3*g, 3*g + 2*g = 2*h + 29. Let q be ((-4)/g)/(4/(-80)). Suppose 4*l = -z + 2, 2*z - q = 3*l + 10. What is the tens digit of z?
1
Let o be (-4 - -3)*2 - 15. What is the units digit of (o + (-2 - -3))/(-1)?
6
Let y be 1/(-3) - 48/(-9). Let j be 10/(-4)*(-8)/y. Let t = 3 + j. What is the units digit of t?
7
Suppose -h - 4 = 3*r, r + 48 = 4*h - 3*r. Suppose -h = b - 5*b. What is the units digit of b?
2
Suppose 5*d = 7*d - 228. What is the hundreds digit of d?
1
Let z(j) = -j**3 + j**2 + 3*j + 2. What is the units digit of z(-3)?
9
Suppose 0 = -7*p + 6*p + 3. What is the units digit of p?
3
Suppose -4*t + 0*o + 2*o + 534 = 0, 5*o + 138 = t. What is the hundreds digit of t?
1
Let m(n) be the second derivative of -n**4/12 + 5*n**3/6 - n**2/2 + 5*n. What is the units digit of m(2)?
5
Let b(n) = 2*n + 1. Let a(w) = -w**3 + 6*w**2 + w - 5. Let g be a(6). Let p be g*-3 - (-7 - 0). What is the units digit of b(p)?
9
Suppose 2*d + 605 = -4*u + 1661, u + 5*d - 246 = 0. What is the units digit of u?
6
Suppose 5*n + 355 = u, -n + 0*n + 5*u = 71. Let p = 106 + n. What is the units digit of p?
5
Let j = 41 - 21. What is the units digit of j?
0
Suppose 16 = -4*w + 4. Suppose 3*q + 6 = -0*q. What is the units digit of (q/w)/(6/45)?
5
Let q(i) = i**2. What is the units digit of q(3)?
9
Suppose -x + 7 + 46 = 0. What is the units digit of x?
3
Let s(r) = -r. Let k be s(-3). Suppose -5*c + 21 = 3*u - 0*u, -c + k*u = 3. What is the units digit of c?
3
Suppose 0 = 4*m + m. What is the units digit of 22 + (-3 - (0 - m))?
9
Let n = -13 - -7. Let d be 345/39 - n/39. Suppose 3 + d = m. What is the tens digit of m?
1
Let w = 27 - 22. Suppose 0 = -w*k - n + 135, 0 = -3*k - 2*k - 3*n + 135. What is the units digit of k?
7
Suppose -v - 2*q = 2*v - 7, -2*v = q - 5. Suppose -v*p = 2 + 1. What is the tens digit of -1 + 1 + (p - -11)?
1
Let h = 169 + -91. What is the tens digit of h?
7
Let c = -5 - -9. Let v = c - -3. Let y = -5 + v. What is the units digit of y?
2
Suppose 7*l + 0*l - 973 = 0. What is the units digit of l?
9
Let j(c) be the third derivative of 7*c**5/120 - c**3/2 + c**2. Let t(l) be the first derivative of j(l). What is the tens digit of t(2)?
1
Suppose -4 = -0*n - n. Suppose s - 30 = -n*s. What is the units digit of s?
6
Let d be (-1 + 1)*(-2)/(-4). Let j be (-2)/1 + d - 0. Let i = 5 + j. What is the units digit of i?
3
Let b(i) = i**2 + 5*i - 1. What is the units digit of b(-6)?
5
Suppose 5*i + 3 - 6 = 3*l, -35 = -5*l - 5*i. Suppose 0 = -r + 3*f - 0*f + 11, f = -l*r + 18. Let b = 7 - r. What is the units digit of b?
2
Let i = 4 + -1. Let j = 9 + i. What is the tens digit of j?
1
Let k be 2/7 + 8/(-28). Suppose -t + 2*i = -15 - k, -3*i = 5*t - 36. What is the units digit of t?
9
Let q(j) = -j**3 - 4*j**2 - 5*j. What is the units digit of q(-4)?
0
Let j = 122 + -78. What is the units digit of j?
4
Suppose 2*x + 1 = -2*a + 19, 3*a + 5*x - 37 = 0. Suppose -a*r + 25 = 9. What is the units digit of r?
4
Suppose -2*a = -2*y + 14, 2*y = 5*y + a - 1. Suppose 7*g = 3*g - 4. Let t = y - g. What is the units digit of t?
3
Let v(b) = -b**2 - 15*b + 4. Let i be v(-15). What is the units digit of (-1 + 13)*3/i?
9
Let i(x) = -5*x - 8. What is the units digit of i(-8)?
2
Let j = -7 + 8. Let v = j + 3. What is the units digit of v?
4
Let r = 3 - 37. Let x = -24 - r. What is the units digit of x?
0
Let v(p) be the third derivative of p**4/8 + 2*p**2. What is the units digit of v(1)?
3
Suppose 3*o - 2*o = 5*q - 21, 0 = -2*q - 3*o + 5. Suppose -h - q*h - 40 = 0. Let l(c) = -c**3 - 9*c**2 - 9*c - 4. What is the units digit of l(h)?
4
Suppose -5*b - 295 = -3*m + 4, -5*m = -4*b - 520. What is the hundreds digit of m?
1
Suppose y - 4*x = 2, 0*y + 5*y - 10 = 2*x. Suppose 0*a + 18 = y*a. What is the units digit of a?
9
Suppose -4*j + 0*j + b = -1339, 2*j = -4*b + 674. What is the hundreds digit of j?
3
Let c(z) = z + 3. What is the units digit of c(-2)?
1
Suppose f = -2*n - n + 534, f - 890 = -5*n. What is the hundreds digit of n?
1
Let c be -12*(9/(-6) - -2). What is the units digit of (2/(-6))/(c/18)?
1
Suppose 0 = 3*d - 4*d + 29. What is the units digit of d?
9
Suppose 3*q = -q - 4*r + 240, -4*r = q - 48. What is the tens digit of q?
6
What is the units digit of (3/(-1))/((-2)/4)?
6
Let a(g) = 20*g**2 - 5*g + 5. Let n(u) = 13*u**2 - 3*u + 3. Let y(x) = -5*a(x) + 8*n(x). What is the units digit of y(-2)?
3
Suppose 624 = 2*h - 230. What is the units digit of h?
7
Suppose -f = -2 + 3. What is the tens digit of 42/4 + f/2?
1
Suppose 19*q + 6 = 20*q. What is the units digit of q?
6
Suppose 0 = 5*a - 443 + 83. What is the units digit of a?
2
Suppose 3*v - 5*v = -2. What is the units digit of v?
1
Suppose -2*b + 57 = -55. What is the tens digit of b?
5
Let p = -3 + 2. Let s = -2 - p. What is the units digit of -1 + s + 5 + -2?
1
Suppose 9 = -v + 38. What is the tens digit of v?
2
Let p(u) be the third derivative of u**4/24 - u**3 - u**2. Let o be p(10). Suppose 0 = -r - 4, -5*k + 42 = o*r - 2*r. What is the units digit of k?
0
Let c(v) = -v**2. Let d(a) be the third derivative of -a**5/30 + a**4/24 + a**3/6 - a**2. Let j(b) = -9*c(b) + 4*d(b). What is the units digit of j(-5)?
9
Suppose 13 = -4*v - 5*h, 2*v - 2*h - 16 = -0*h. Suppose -2 = -v*b + 22. What is the units digit of b?
8
Let t = 118 - 68. Let w = -33 + t. What is the units digit of w?
7
Let i(o) = o**2 - 8*o + 7. Let j be i(8). Let q = j - -1. What is the units digit of q?
8
Suppose -7 = -4*b + 5. Suppose -y + b*y = 84. What is the units digit of y?
2
Let b(w) = w**3 + 8*w**2 - w - 5. Let m be b(-8). Suppose -41 = -3*g - g - m*s, s - 19 = -2*g. Let x = -4 + g. What is the units digit of x?
4
Let m = -31 + 107. What is the tens digit of ((-2)/(-2))/(4/m)?
1
Let r(a) = 17*a + 1. What is the hundreds digit of r(18)?
3
Let f = 830 + -574. Suppose 2*r - f = 3*r. What is the tens digit of 8/(-28) - r/14?
1
Suppose -3*i + 71 = -2*i. What is the